{"id":157,"date":"2016-02-29T22:21:50","date_gmt":"2016-02-29T21:21:50","guid":{"rendered":"http:\/\/metall-service.at\/?page_id=157"},"modified":"2016-06-07T11:08:46","modified_gmt":"2016-06-07T10:08:46","slug":"informationen-gemaess-bundes-behindertengleichstellungsgesetz-bgstg","status":"publish","type":"page","link":"http:\/\/metall-service.at\/?page_id=157","title":{"rendered":"Informationen gem\u00e4\u00df Bundes-Behindertengleichstellungsgesetz (BGStG)"},"content":{"rendered":"<p><em>Barrierefreiheit:<\/em><\/p>\n<p><img decoding=\"async\" loading=\"lazy\" class=\"alignleft wp-image-164 size-full\" src=\"http:\/\/metall-service.at\/wp-content\/uploads\/2014\/03\/Barrierefreiheit-Behindertensymbol.png\" alt=\"Symbol Rollstuhlfahrer\" width=\"150\" height=\"159\" \/><br \/>\nInternet \u2013 unsere Homepage ist barrierefrei und technisch so gestaltet, dass sie mittels \u201escreenreader\u201c vorgelesen werden kann.<\/p>\n<p>Wir beraten Sie gerne telefonisch oder per e-mail.<\/p>\n<p>Unser Personal ist Ihnen gerne bei Anlieferung beim Entladen der Schrotte und Metalle behilflich.<\/p>\n<p>Bei gr\u00f6\u00dferen Mengen k\u00f6nnen wir Ihnen gerne auch eine Abholung der Schrotte und Metalle anbieten.<\/p>\n<p>Wenn Sie uns vorab bekanntgeben, wann Sie anliefern m\u00f6chten, gestalten wir den Ablauf gerne so, dass Sie nicht einmal aus dem Fahrzeug aussteigen m\u00fcssen.<\/p>\n","protected":false},"excerpt":{"rendered":"<p>Barrierefreiheit: Internet \u2013 unsere Homepage ist barrierefrei und technisch so gestaltet, dass sie mittels \u201escreenreader\u201c vorgelesen werden kann. Wir beraten Sie gerne telefonisch oder per e-mail. Unser Personal ist Ihnen gerne bei Anlieferung beim Entladen der Schrotte und Metalle behilflich. Bei gr\u00f6\u00dferen Mengen k\u00f6nnen wir Ihnen gerne auch eine Abholung der Schrotte und Metalle anbieten. [&hellip;]<\/p>\n","protected":false},"author":2,"featured_media":0,"parent":7,"menu_order":0,"comment_status":"closed","ping_status":"open","template":"page-templates\/full-width.php","meta":[],"acf":[],"yoast_head":"<!-- This site is optimized with the Yoast SEO plugin v19.13 - https:\/\/yoast.com\/wordpress\/plugins\/seo\/ -->\n<title>Informationen gem\u00e4\u00df Bundes-Behindertengleichstellungsgesetz (BGStG) - Metall-Service Gesellschaft m.b.H.<\/title>\n<meta name=\"robots\" content=\"index, follow, max-snippet:-1, max-image-preview:large, max-video-preview:-1\" \/>\n<link rel=\"canonical\" href=\"http:\/\/metall-service.at\/?page_id=157\" \/>\n<meta property=\"og:locale\" content=\"de_DE\" \/>\n<meta property=\"og:type\" content=\"article\" \/>\n<meta property=\"og:title\" content=\"Informationen gem\u00e4\u00df Bundes-Behindertengleichstellungsgesetz (BGStG) - Metall-Service Gesellschaft m.b.H.\" \/>\n<meta property=\"og:description\" content=\"Barrierefreiheit: Internet \u2013 unsere Homepage ist barrierefrei und technisch so gestaltet, dass sie mittels \u201escreenreader\u201c vorgelesen werden kann. Wir beraten Sie gerne telefonisch oder per e-mail. Unser Personal ist Ihnen gerne bei Anlieferung beim Entladen der Schrotte und Metalle behilflich. Bei gr\u00f6\u00dferen Mengen k\u00f6nnen wir Ihnen gerne auch eine Abholung der Schrotte und Metalle anbieten. [&hellip;]\" \/>\n<meta property=\"og:url\" content=\"http:\/\/metall-service.at\/?page_id=157\" \/>\n<meta property=\"og:site_name\" content=\"Metall-Service Gesellschaft m.b.H.\" \/>\n<meta property=\"article:modified_time\" content=\"2016-06-07T10:08:46+00:00\" \/>\n<meta property=\"og:image\" content=\"http:\/\/metall-service.at\/wp-content\/uploads\/2014\/03\/Barrierefreiheit-Behindertensymbol.png\" \/>\n<script type=\"application\/ld+json\" class=\"yoast-schema-graph\">{\"@context\":\"https:\/\/schema.org\",\"@graph\":[{\"@type\":\"WebPage\",\"@id\":\"http:\/\/metall-service.at\/?page_id=157\",\"url\":\"http:\/\/metall-service.at\/?page_id=157\",\"name\":\"Informationen gem\u00e4\u00df Bundes-Behindertengleichstellungsgesetz (BGStG) - Metall-Service Gesellschaft m.b.H.\",\"isPartOf\":{\"@id\":\"http:\/\/metall-service.at\/#website\"},\"datePublished\":\"2016-02-29T21:21:50+00:00\",\"dateModified\":\"2016-06-07T10:08:46+00:00\",\"breadcrumb\":{\"@id\":\"http:\/\/metall-service.at\/?page_id=157#breadcrumb\"},\"inLanguage\":\"de\",\"potentialAction\":[{\"@type\":\"ReadAction\",\"target\":[\"http:\/\/metall-service.at\/?page_id=157\"]}]},{\"@type\":\"BreadcrumbList\",\"@id\":\"http:\/\/metall-service.at\/?page_id=157#breadcrumb\",\"itemListElement\":[{\"@type\":\"ListItem\",\"position\":1,\"name\":\"Home\",\"item\":\"http:\/\/metall-service.at\/\"},{\"@type\":\"ListItem\",\"position\":2,\"name\":\"Impressum\",\"item\":\"http:\/\/metall-service.at\/?page_id=7\"},{\"@type\":\"ListItem\",\"position\":3,\"name\":\"Informationen gem\u00e4\u00df Bundes-Behindertengleichstellungsgesetz (BGStG)\"}]},{\"@type\":\"WebSite\",\"@id\":\"http:\/\/metall-service.at\/#website\",\"url\":\"http:\/\/metall-service.at\/\",\"name\":\"Metall-Service Gesellschaft m.b.H.\",\"description\":\"Aluminium- &amp; Magnesiumrecycling, Schrott + Metallhandel\",\"publisher\":{\"@id\":\"http:\/\/metall-service.at\/#organization\"},\"potentialAction\":[{\"@type\":\"SearchAction\",\"target\":{\"@type\":\"EntryPoint\",\"urlTemplate\":\"http:\/\/metall-service.at\/?s={search_term_string}\"},\"query-input\":\"required name=search_term_string\"}],\"inLanguage\":\"de\"},{\"@type\":\"Organization\",\"@id\":\"http:\/\/metall-service.at\/#organization\",\"name\":\"Metall-Service Gesellschaft m.b.H.\",\"url\":\"http:\/\/metall-service.at\/\",\"logo\":{\"@type\":\"ImageObject\",\"inLanguage\":\"de\",\"@id\":\"http:\/\/metall-service.at\/#\/schema\/logo\/image\/\",\"url\":\"http:\/\/metall-service.at\/wp-content\/uploads\/2018\/03\/Logo-Metall-Service.jpg\",\"contentUrl\":\"http:\/\/metall-service.at\/wp-content\/uploads\/2018\/03\/Logo-Metall-Service.jpg\",\"width\":763,\"height\":492,\"caption\":\"Metall-Service Gesellschaft m.b.H.\"},\"image\":{\"@id\":\"http:\/\/metall-service.at\/#\/schema\/logo\/image\/\"}}]}<\/script>\n<!-- \/ Yoast SEO plugin. -->","yoast_head_json":{"title":"Informationen gem\u00e4\u00df Bundes-Behindertengleichstellungsgesetz (BGStG) - Metall-Service Gesellschaft m.b.H.","robots":{"index":"index","follow":"follow","max-snippet":"max-snippet:-1","max-image-preview":"max-image-preview:large","max-video-preview":"max-video-preview:-1"},"canonical":"http:\/\/metall-service.at\/?page_id=157","og_locale":"de_DE","og_type":"article","og_title":"Informationen gem\u00e4\u00df Bundes-Behindertengleichstellungsgesetz (BGStG) - Metall-Service Gesellschaft m.b.H.","og_description":"Barrierefreiheit: Internet \u2013 unsere Homepage ist barrierefrei und technisch so gestaltet, dass sie mittels \u201escreenreader\u201c vorgelesen werden kann. Wir beraten Sie gerne telefonisch oder per e-mail. Unser Personal ist Ihnen gerne bei Anlieferung beim Entladen der Schrotte und Metalle behilflich. Bei gr\u00f6\u00dferen Mengen k\u00f6nnen wir Ihnen gerne auch eine Abholung der Schrotte und Metalle anbieten. [&hellip;]","og_url":"http:\/\/metall-service.at\/?page_id=157","og_site_name":"Metall-Service Gesellschaft m.b.H.","article_modified_time":"2016-06-07T10:08:46+00:00","og_image":[{"url":"http:\/\/metall-service.at\/wp-content\/uploads\/2014\/03\/Barrierefreiheit-Behindertensymbol.png"}],"schema":{"@context":"https:\/\/schema.org","@graph":[{"@type":"WebPage","@id":"http:\/\/metall-service.at\/?page_id=157","url":"http:\/\/metall-service.at\/?page_id=157","name":"Informationen gem\u00e4\u00df Bundes-Behindertengleichstellungsgesetz (BGStG) - Metall-Service Gesellschaft m.b.H.","isPartOf":{"@id":"http:\/\/metall-service.at\/#website"},"datePublished":"2016-02-29T21:21:50+00:00","dateModified":"2016-06-07T10:08:46+00:00","breadcrumb":{"@id":"http:\/\/metall-service.at\/?page_id=157#breadcrumb"},"inLanguage":"de","potentialAction":[{"@type":"ReadAction","target":["http:\/\/metall-service.at\/?page_id=157"]}]},{"@type":"BreadcrumbList","@id":"http:\/\/metall-service.at\/?page_id=157#breadcrumb","itemListElement":[{"@type":"ListItem","position":1,"name":"Home","item":"http:\/\/metall-service.at\/"},{"@type":"ListItem","position":2,"name":"Impressum","item":"http:\/\/metall-service.at\/?page_id=7"},{"@type":"ListItem","position":3,"name":"Informationen gem\u00e4\u00df Bundes-Behindertengleichstellungsgesetz (BGStG)"}]},{"@type":"WebSite","@id":"http:\/\/metall-service.at\/#website","url":"http:\/\/metall-service.at\/","name":"Metall-Service Gesellschaft m.b.H.","description":"Aluminium- &amp; Magnesiumrecycling, Schrott + Metallhandel","publisher":{"@id":"http:\/\/metall-service.at\/#organization"},"potentialAction":[{"@type":"SearchAction","target":{"@type":"EntryPoint","urlTemplate":"http:\/\/metall-service.at\/?s={search_term_string}"},"query-input":"required name=search_term_string"}],"inLanguage":"de"},{"@type":"Organization","@id":"http:\/\/metall-service.at\/#organization","name":"Metall-Service Gesellschaft m.b.H.","url":"http:\/\/metall-service.at\/","logo":{"@type":"ImageObject","inLanguage":"de","@id":"http:\/\/metall-service.at\/#\/schema\/logo\/image\/","url":"http:\/\/metall-service.at\/wp-content\/uploads\/2018\/03\/Logo-Metall-Service.jpg","contentUrl":"http:\/\/metall-service.at\/wp-content\/uploads\/2018\/03\/Logo-Metall-Service.jpg","width":763,"height":492,"caption":"Metall-Service Gesellschaft m.b.H."},"image":{"@id":"http:\/\/metall-service.at\/#\/schema\/logo\/image\/"}}]}},"_links":{"self":[{"href":"http:\/\/metall-service.at\/index.php?rest_route=\/wp\/v2\/pages\/157"}],"collection":[{"href":"http:\/\/metall-service.at\/index.php?rest_route=\/wp\/v2\/pages"}],"about":[{"href":"http:\/\/metall-service.at\/index.php?rest_route=\/wp\/v2\/types\/page"}],"author":[{"embeddable":true,"href":"http:\/\/metall-service.at\/index.php?rest_route=\/wp\/v2\/users\/2"}],"replies":[{"embeddable":true,"href":"http:\/\/metall-service.at\/index.php?rest_route=%2Fwp%2Fv2%2Fcomments&post=157"}],"version-history":[{"count":3,"href":"http:\/\/metall-service.at\/index.php?rest_route=\/wp\/v2\/pages\/157\/revisions"}],"predecessor-version":[{"id":188,"href":"http:\/\/metall-service.at\/index.php?rest_route=\/wp\/v2\/pages\/157\/revisions\/188"}],"up":[{"embeddable":true,"href":"http:\/\/metall-service.at\/index.php?rest_route=\/wp\/v2\/pages\/7"}],"wp:attachment":[{"href":"http:\/\/metall-service.at\/index.php?rest_route=%2Fwp%2Fv2%2Fmedia&parent=157"}],"curies":[{"name":"wp","href":"https:\/\/api.w.org\/{rel}","templated":true}]}}